mon factor of 60 and d.
12
Suppose -r - 15 = 2*r. Let k = 247 + r. Let s(v) = -v**2 + 11*v - 6. Let c be s(4). Calculate the highest common factor of k and c.
22
Let h = 19060 + -12102. What is the greatest common divisor of 98 and h?
98
Let u be (-1323)/(15/6*45/(-75)). What is the highest common divisor of u and 168?
42
Suppose 3*v - 2259 = 1701. Suppose -120 - v = -4*j. Suppose 5*f - i = 228, 0*i = -f + 2*i + 51. What is the greatest common factor of f and j?
45
Let t be -3 - (2 - 3)*211. Let s(d) = 21*d**2 - 15*d - 36. Let m be s(-2). Suppose -6*a + m = -78. What is the highest common factor of a and t?
26
Let h = -37 - -34. Let s be 2/2*16/(-12)*h. Suppose -3*c + 329 = t - 6*t, 0 = -s*t - 4. Calculate the greatest common factor of c and 27.
27
Suppose 4*o + 37 = s, 186*o - 189*o - 185 = -5*s. Calculate the greatest common divisor of s and 6401.
37
Suppose 424 = 4*b - 4*t, -4*t - 121 - 87 = -2*b. Suppose -5*y + 179 = -181. What is the greatest common divisor of y and b?
36
Let v be (740/(-6) + -2)/((-1)/3). Let t = v + -276. Calculate the highest common divisor of t and 4.
4
Let l(a) = 94*a**2 - 81*a - 321. Let q be l(-4). Calculate the greatest common divisor of q and 11.
11
Let i = 52 - 22. Suppose -1265*d + 624*d + 619*d = -1650. What is the greatest common factor of d and i?
15
Suppose -4*x - 358 + 112 = -2*j, 0 = -4*j - 3*x + 459. Suppose 0 = -5*h - 3*d + 183, 18*d - 14*d + 32 = h. What is the highest common divisor of j and h?
9
Let i be ((-28)/(-5))/(16/2160). Let l = i + -747. Let r(k) = -k + 7. Let b be r(4). What is the highest common divisor of b and l?
3
Let y(d) = d + 20. Let z be y(-10). Let p = -24 - -27. Let l(u) = 2*u - 1. Let m be l(p). What is the greatest common factor of z and m?
5
Let s be -3*(-3 + 2)*1. Suppose -3*c + 57 = 4*x, -4*x - s*c = x - 75. Let r be 16/6*18/8. Calculate the greatest common divisor of x and r.
6
Let j be (-3)/(-2)*1/((-18)/(-12)). Let t(c) = 4*c**3 + 3*c - 2. Let o be t(j). Calculate the highest common factor of 2 and o.
1
Suppose h + 5*i + 182 = 0, 3*h - 156 = 5*i - 622. Let y be ((-210)/49)/((h/(-84))/(-9)). What is the highest common factor of 35 and y?
5
Suppose -2*d - 4*c - 588 = 0, -2*d + 1184 = -6*d - 4*c. Let a = d + 431. Calculate the greatest common factor of a and 19.
19
Suppose -2*s - 903 + 4275 = -3*w, 0 = s + w - 1696. Calculate the greatest common factor of s and 60.
12
Let f(j) = j**3 - 3*j + 6. Let d be f(2). Suppose 7*q = 6 + d. Let i be 7/3 - q/6 - 0. What is the highest common factor of i and 22?
2
Suppose 3*v + 0 = 6. Suppose -2 = t - v*m - 10, -2*t - m + 1 = 0. Suppose -18 - t = -4*y. Calculate the greatest common divisor of y and 2.
1
Let k(t) = 0 - 7*t**2 + 23*t - 4 + 3 - 10 + t**3. Let p be k(7). Calculate the greatest common divisor of p and 40.
10
Let y = -2416 - -2500. Suppose -4*u = -3*s + 75, s = 2*u - 4*u + 15. Calculate the highest common divisor of s and y.
21
Let x be (-2387)/(-231) - (-4)/(-3). What is the highest common divisor of 171 and x?
9
Let p be ((-273)/35 + 7)/((-2)/15). Let r = 13 - 23. Let q = r + 12. Calculate the highest common divisor of q and p.
2
Let v(z) = -z**2 - 22*z - 84. Let n be v(-14). Suppose -2*p = n - 36. Calculate the highest common factor of 76 and p.
4
Suppose -4*b = 2*x - 286, -604*b - 5*x = -603*b - 85. Calculate the greatest common factor of 875 and b.
35
Let n = -52 - -252. Let i = n + -188. Let g be (0 - 0) + (-1 - -7). Calculate the highest common factor of i and g.
6
Let r be 3*18848/88 + 6/(-11). Calculate the greatest common factor of r and 9202.
214
Let n = 3273 - 3228. What is the greatest common factor of n and 27?
9
Suppose -1627 + 4492 = -5*a. Let k = a - -831. Calculate the greatest common factor of 86 and k.
86
Let b = -265 + 274. Let m(s) = s**3 - 11*s**2 + 22*s - 6. Let n be m(b). Calculate the greatest common divisor of 190 and n.
10
Let m = -1040 - -1052. Let n = 16 + -14. Suppose -128 = -n*b + z - 10, 5*b - 4*z = 292. Calculate the highest common factor of m and b.
12
Suppose -18 - 18 = -a. Suppose -2394 = l - 20*l. Suppose 4*m + 2*w = 210, l*m - w + 213 = 130*m. Calculate the highest common factor of m and a.
18
Let h = 174 + -126. Suppose 6*j - h + 0 = 0. Calculate the highest common factor of 168 and j.
8
Let d be (-41)/(-697) + (-269278)/(-34). Suppose -23*z = -z - d. Calculate the greatest common divisor of 80 and z.
40
Let m(z) = -z**2 - 2*z + 17. Let f be m(-4). Suppose -32 = -3*o - 2*j, 6 = -4*j - 2. Let r = o + 51. What is the highest common factor of r and f?
9
Suppose 0 = -k - 2*l - 0*l + 9, -k = 3*l - 13. Let x be ((-1)/5 - (-130)/25)*k. Calculate the greatest common divisor of x and 75.
5
Let t(d) = 14*d - 57. Let n be t(-12). Let f = n - -239. What is the greatest common factor of 6 and f?
2
Let m be (-12)/(0/1 + -2). Suppose 5*r + m = 1. Let z(h) = -11*h. Let g be z(r). What is the highest common factor of 88 and g?
11
Let h = -215 + 220. Suppose y - 336 = -h*y. Calculate the highest common factor of y and 70.
14
Let c be (16/(-3))/((-8)/252). Let s = -783 - -807. Calculate the highest common factor of s and c.
24
Suppose -4*j + 91 + 189 = -2*c, 5*j + c = 364. Suppose 2*t + 4*x = -t + 8, -5*x - 4 = 2*t. What is the greatest common factor of t and j?
8
Suppose -c = 2*u + 3*c - 6, u = -5*c + 12. Let j(z) = -49*z - 103. Let t be j(u). What is the greatest common divisor of 176 and t?
44
Let a(p) = -p**3 - 24*p**2 + 81*p + 25. Let b be a(-27). Suppose -17*c = -9*c - 8. Calculate the greatest common factor of c and b.
1
Let w(i) = -7*i**3 + 2*i**2 + 5*i + 3. Let q be w(-3). Suppose -6*a + 186 = 323 - 215. Calculate the greatest common factor of q and a.
13
Let g = 1305 + -927. Suppose -387*a + g*a + 72 = 0. Calculate the greatest common divisor of a and 76.
4
Let k be 12*((-66)/(-4))/(-15 + (-47)/(-3)). What is the greatest common factor of 2871 and k?
99
Suppose -3*m - 99 = -0. Let h be m/(-27) + 2/(-9). Let v be (5/(-10))/(2/(1 + -53)). What is the greatest common divisor of h and v?
1
Suppose -445 = -5*f + 405. Let v = -27 + 163. Suppose u + v = 3*u. Calculate the greatest common factor of f and u.
34
Let a be (-133)/(-19) + (221 + -4 - -1). What is the highest common factor of 26175 and a?
75
Suppose -138 = -3*s + 3*g, -5*s - 103*g = -104*g - 250. What is the greatest common factor of s and 289?
17
Let c be (-5)/(-3) - ((-100)/12 + 4). Suppose -c*y + y - 3*r + 477 = 0, -r = 3*y - 287. What is the highest common divisor of 72 and y?
24
Suppose 3*z - 834 + 1978 = 4*b, 0 = 4*b + 3*z - 1120. What is the highest common factor of 3679 and b?
283
Suppose u - 46 = -2*m, -4*u - 7*m + 93 = -12*m. Suppose -2*r = 4*w - 60, 2*w - 18 = -r + 3*w. Let a = u - r. What is the greatest common factor of 80 and a?
10
Let g(w) = w**2 - 2*w. Let q(f) = -2*f**2 + 17*f - 22. Let x(u) = 3*g(u) + q(u). Let r be x(3). Calculate the highest common factor of r and 80.
20
Let v = 12331 - 11689. What is the highest common divisor of 48 and v?
6
Let o(b) be the second derivative of -55*b**3/6 + 3*b**2/2 - 3*b. Let c be o(-1). Suppose 3*v - 167 - c = 0. Calculate the highest common factor of 50 and v.
25
Let a be 3 - (-50 - 1) - (-814)/74. Calculate the greatest common factor of 4121 and a.
13
Suppose -1696 = -7*t - 1584. Calculate the highest common divisor of 6416 and t.
16
Suppose 8*a = a + 91. Suppose 0 = 6*y - 28*y + 4862. Calculate the greatest common divisor of a and y.
13
Suppose 5*a = 4*p - 3900, 2548 = 5*p + 2*a - 2294. Let t be p/3 + 24/36. Suppose -2*v + 8*v - t = 0. Calculate the highest common divisor of v and 6.
6
Let k = -156 - -166. Suppose -k*o + 9*o - 381 = -5*g, -5*g = -5*o - 385. Calculate the greatest common divisor of g and 608.
76
Let o(t) = 26*t**2 - 530*t + 2112. Let j be o(4). What is the greatest common factor of 960 and j?
24
Let s = -16805 + 17015. What is the greatest common divisor of s and 4158?
42
Let x be -1 + -8 - (-7684 - -133). Calculate the highest common factor of x and 54.
18
Let g = 2 - 0. Let p = -3194 - -3257. Let d be (p + -7 - 8)/(3/g). What is the greatest common divisor of 160 and d?
32
Let v(q) = -q**3 - 50*q**2 + 158*q - 50. Let y be v(-53). What is the highest common divisor of 486 and y?
3
Suppose -u + 6 = -5. Let i = -406931 - -407206. Calculate the greatest common factor 